11 = -3*i + 12*w. Let c(r) = r**2 - 32*r + 57. What is c(i)?
26
Let v = -241 - -235. Let s(b) = -5*b + 25. Calculate s(v).
55
Suppose 5*t - 10*t = f + 42, 3*t - 3*f + 54 = 0. Let p(y) = -2*y - 29. Determine p(t).
-9
Let o(z) be the second derivative of -z**4/6 + 7*z**3/3 - 18*z**2 + 24*z - 18. Determine o(7).
-36
Let z(t) = t**3 - 4*t**2 - 7. Let x = -20 - -55. Let r be (0/x)/(0 - (0 + 1)). Suppose 5*n - 12*n + 35 = r. Give z(n).
18
Let s(i) = 6*i + 78. Suppose 5*k + 4*p = -66, -4*p = -2*k + 70 - 102. What is s(k)?
-6
Let m(y) = 2*y - 14. Suppose 16 - 14 = 2*j. Let g(h) = -1. Let c(r) = j*g(r) + m(r). Calculate c(10).
5
Suppose 4*d - 64 = -4*f + 2*f, -2*d + f + 32 = 0. Suppose 0 = -958*x + 948*x + 320. Suppose -x*m = -30*m - d. Let a(k) = k - 8. Give a(m).
0
Suppose -5*d = -4*s + 47 - 13, 24 = -2*d - s. Let h be 112/12*(-6)/(-4). Let c be d/(-4)*h/21*3. Let b(k) = -k**2 + 3*k - 1. Determine b(c).
-11
Let j = -211 + 213. Let l(v) = 7*v + j + v - 9*v. What is l(3)?
-1
Let q(y) = y**3 - 23*y**2 + y - 27. Let z be -3 + ((-156)/30)/((-4)/20). Calculate q(z).
-4
Suppose -107 - 873 = 5*v + 93*v. Let p(z) = z**3 + 12*z**2 + 20*z + 4. What is p(v)?
4
Let b(w) = -w**3 - 21*w**2 + 26*w - 16. Let l(i) = i - 10. Let y(o) = b(o) - 2*l(o). Give y(-22).
-40
Let c(n) be the second derivative of -n**3/3 + 3*n**2 - 152*n + 4. Calculate c(0).
6
Let j(w) = 109*w**2 - 43*w**2 - 54*w**2. Suppose 4*d = 3*g - 56, -1 = d + 1. Suppose 5*o + g = 11. Determine j(o).
12
Let h(y) = -5*y**2 + 8*y + 9. Let w(k) = -4*k**2 + 7*k + 7. Let r(o) = 3*h(o) - 4*w(o). Suppose 0 = 4*q - 0 - 8. Suppose n = 1 + q. Determine r(n).
-4
Let o(h) = -h**2 - 4*h - 1. Let f be o(-2). Suppose f*p + 2*c - 10 + 32 = 0, -2*p = 4*c + 20. Let b(r) = r**3 + 5*r**2 - 4*r - 5. Determine b(p).
-17
Let i(g) be the second derivative of -g**6/180 + 7*g**5/120 + g**4/6 + g**3/2 - 7*g**2/2 - 135*g. Let l(q) be the second derivative of i(q). Determine l(6).
-26
Let f(y) = 8*y - 6. Suppose 0 = p - s - s - 23, -2*s = p + 9. Give f(p).
50
Let l(u) = 7*u - 529*u**2 + 262*u**2 + 277*u**2 + 10. Calculate l(-4).
142
Let m(c) be the first derivative of 32*c**2 - 27*c**2 - 2*c**2 - 135. What is m(4)?
24
Let v(z) be the third derivative of -z**4/24 + 2*z**3/3 + 2*z**2 - 373*z. Let r be (-26)/(-3) + (-4)/6. What is v(r)?
-4
Let a(w) be the first derivative of w**3/6 - 5*w**2/2 + 2*w + 1. Let x(u) be the first derivative of a(u). Let v = 20251 - 20243. What is x(v)?
3
Let i(u) = 28*u - 11*u + 2*u**2 + 2 - 17 - 7. Determine i(-10).
8
Suppose -5*q + 190 - 1255 = 0. Let p = -225 - q. Let z(d) = d**3 + 12*d**2 - 2*d - 5. Give z(p).
19
Let i(t) = 6*t - 2. Let s(l) = -l + 7. Let a(p) = 2*p - 13. Let g(v) = 6*a(v) + 11*s(v). Let o(z) = 5*g(z) - i(z). Let r be (-1 - 36/54)*12/10. Determine o(r).
-1
Let u(b) be the third derivative of -2*b**4/3 + 53*b**3/6 + 3*b**2 - 63*b + 8. Determine u(4).
-11
Let c(q) = 2*q**3 + 7*q**2 - 11*q - 94. Let x be c(10). Let w(p) = 2494 + 4*p - x + 2*p. Calculate w(2).
10
Let k(p) be the third derivative of -2/15*p**5 + 7/24*p**4 + 2*p**2 + 3*p + 1/120*p**6 + 0 + p**3. What is k(6)?
-24
Let s = -10881 - -10885. Let v(p) be the third derivative of -1/24*p**s - 1/6*p**3 + 0*p - 1/60*p**6 + 3*p**2 - 1/15*p**5 + 0. What is v(-3)?
20
Let b(x) = 5*x**2 + 47*x - 40. Let z(k) = 4*k**2 + 45*k - 33. Let r(y) = 2*b(y) - 3*z(y). Determine r(-21).
-2
Suppose 3 = j - 4. Let f(c) = -4*c**3 - 15 + 9*c**2 + 6 + 3 + 10*c + 9. Let i(k) = 7*k**3 - 17*k**2 - 19*k - 7. Let h(r) = 5*f(r) + 3*i(r). What is h(j)?
-6
Let b(r) = 7*r - 13. Suppose -6*c - 4*w = -4*c + 10, 5*w + 8 = -c. Calculate b(c).
-34
Let o(w) = -w**3 + 9*w**2 - 5*w + 10. Suppose 0 = -60*v + 78*v - 198. Suppose f = -b + 8, -v*f - 23 = -2*b - 6*f. Calculate o(b).
-35
Let f(g) be the first derivative of g**6/120 + 2*g**5/15 + g**4/3 + 29*g**2 - 162. Let h(w) be the second derivative of f(w). Determine h(-6).
24
Suppose -45 = -5*c - 5*g, -3*g + 91 - 54 = 5*c. Let f(r) = 2*r**2 - 8*r - 3. What is f(c)?
7
Let t(c) = -c - 5. Let u = -19 - -39. Suppose 4 = w + j, -21*w - u = -26*w - 4*j. Determine t(w).
-9
Let u = 1372 - 1377. Let j(w) = 6*w + 18. Calculate j(u).
-12
Let c(a) = 6*a**2 + 3*a + 7. Let x be c(5). Suppose -7*q - x = -3*q. Let o = q - -48. Let d(l) = -l**3 + 5*l**2 + l + 1. Determine d(o).
6
Let l = 38 + -31. Let t be 2/(-8)*l*-4. Let o(g) = 2*g - 16. Let x be o(t). Let c(n) = -3*n**2 - n. Calculate c(x).
-10
Suppose -2*l + 11 = 7. Let d(n) = 0*n**l + 0*n**2 + 152*n - 6 - 158*n - n**2. Let p(m) = m**3 - 6*m**2 - 2*m + 6. Let h be p(6). What is d(h)?
-6
Let g = 1565 + -390. Let s(m) = -m + 0*m + g - 1174. Calculate s(2).
-1
Suppose 0 = -42*p + 10*p - 1536. Let s be (0 - -6)*-4*4/p. Let d(t) = 18*t + 1. Calculate d(s).
37
Let y(a) = -a**2 - 6*a + 8. Let d(v) = -2*v**2 + 3*v + 3. Let m be 12/(-16) - (-150)/40. Let w be d(m). Give y(w).
8
Let n(m) = m + 18. Let d = 9017 + -9008. What is n(d)?
27
Let s(o) = 678 - 5*o + 2*o - 681 + 15*o. Give s(2).
21
Let r(b) be the second derivative of -b**3/6 + b**2/2 + 3*b. Let z = -92 - -108. Let w = 12 - z. Give r(w).
5
Let t(j) = -j**3 + 7*j**2 + 11*j - 78. Let n = 14970 - 14963. Calculate t(n).
-1
Let y = 91 - 69. Suppose y = 2*a + 9*a. Let c(s) = 19*s - 20*s + a - 10. Calculate c(-6).
-2
Let s(x) = 2 + 7 + 3 + 2*x. Let t be s(-5). Let r(d) = -4*d - 95*d**2 + t*d**3 - d**3 + d + 4 + 89*d**2. Calculate r(6).
-14
Let k(x) be the second derivative of -2*x**3 - 11/2*x**2 + 3*x - 1/20*x**5 - 39 - 11/12*x**4. What is k(-10)?
9
Let l(w) = -w**3 + 2*w**2 - 2*w + 2. Let f = 310 - 305. Suppose 16*h - 63 = -f*h. Give l(h).
-13
Suppose -258 = 71*a + 26. Suppose 0 = -g + 3 - 0. Let v(j) = 1 + g*j - 7 - 3*j - 4*j - j**2. Calculate v(a).
-6
Let h(r) = 3*r**2 - 2. Let f(x) = 5*x**2 + 4. Let t(v) = f(v) - 2*h(v). Determine t(4).
-8
Suppose 2*c + 2*w - 10 = 0, -16*c - 4*w + 2 = -21*c. Suppose 0 = 5*h - 3*h - 18. Let q(g) = -18 + 20 - c*g**2 + 4*g**2 - g**2 - h*g. What is q(7)?
-12
Let p(d) = -5*d**2 - 1 + 3 - 1. Let o = 224 - 224. Suppose -4*r + 19 - 23 = o. Determine p(r).
-4
Let u(m) = m**2 - 9*m - 361. Let n be u(24). Let l(d) = -5*d**2 + 1. What is l(n)?
-4
Let l(z) = 9*z - 380. Let t be (-255)/(-6) - (370/20 + -18). What is l(t)?
-2
Let z(k) = 2*k - 1. Let g(o) = 20*o + 245. Let s be g(-12). Suppose s*p - 297 = -302. Determine z(p).
-3
Let b(c) = -12*c**2 - 2*c + 1. Suppose -2*h = 2*y + 6, 0 = -3*y + 3*h - 7*h - 12. Suppose 5*i - 4*t = 4*i + 13, y = 5*i - 4*t - 17. Determine b(i).
-13
Let d(y) = -4*y + 43. Let h be d(10). Let u(o) = -2*o**3 + 8 - o**3 + 2*o**h + 7*o + 6*o**2 - o. Determine u(7).
1
Suppose -64 = 34*m - 82 - 84. Let d(t) = -95*t + 287. Calculate d(m).
2
Suppose -75 = 5*k + 15*k + 5. Let r(w) = -w**2 + 4*w + 35. Calculate r(k).
3
Let w(h) = -20*h**2 + 2*h + 24. Let g(l) = -7*l**2 + l + 8. Let d(u) = 17*g(u) - 6*w(u). Let r(v) = -v**3 + 6*v**2 + 6*v - 42. Let p be r(6). Calculate d(p).
-2
Let o = 45 + -44. Let j(l) = 5 + 2 - 5 - 6*l - o. Suppose 2*m - 3*m = d - 1, -4*m + 5*d = -4. Calculate j(m).
-5
Let m(c) = c**2 - 9*c - 14. Suppose -d = -4*n - 320, -4*d + 2*n - 1556 = -9*d. Let k = d + -302. Calculate m(k).
-4
Let u = -550 - -553. Let d(x) = 2*x - 5. Let z(s) = 2*s - 4. Let g(r) = 5*d(r) - 6*z(r). What is g(u)?
-7
Let h(q) = -12*q**3 + 0*q + 5*q + 7*q**2 + 13*q**3 - 5 + 4. Determine h(-7).
-36
Let h(g) = -1 - g + 15*g**2 - 6*g**2 + 6*g**2. Suppose 7*b + 8 = 11*b. Let m = 1 - b. Determine h(m).
15
Let c = -337 - -359. Suppose 19*q - 35 = c. Let v(r) = -r**2 + 2*r - 3. Give v(q).
-6
Let w(g) = 2*g**3 + 18*g**2 + 22*g - 80. Let x be w(-6). Let p(n) = -n**2 + 9*n. Give p(x).
20
Let b(v) be the second derivative of v**4/12 + v**2/2 - 4*v - 5. Let z = 7 + -6. Suppose i = k, -4*i + 6 = 3*k - z. Calculate b(k).
2
Let n be (-1)/(4/(-616)) - 9/(-3). Let d(b) = -76*b - 79*b - 1 + n*b. Determine d(11).
21
Let x be 2548/208 - (0 - 2/(-8)). Suppose -3*r - x = 0, 3*r + 17 = -3*v + 2. Let s(b) = 7*b. What is s(v)?
-7
Let j(v) = v + 2. Let t be (324/(-30))/3 + (-3)/(-5). Let h(f) = f + 3. Let i(a) = t*j(a) + 2*h(a). What is i(-8)?
8
Let i = 15102 - 15118. Let g(o) = o**3 + 20*o**2 + 61*o - 32. What is g(i)?
16
Suppose 9*c - 268 = -259. Let w(b) = b**2 + 3*b - 2. Let d(s) = 2*s**2 - 13*s + 20. Let m(l) = c*w(l) - d(l). What is m